/24 - 107*o**3/6 + o**2 + 20*o. What is the hundreds digit of w(36)?
5
Suppose 227*b - 535277 - 744507 = 279706. What is the hundreds digit of b?
8
Let v(n) = 48*n + 27 - 51 + 42 + 2*n**2. Let t(p) = p**3 + 19*p**2 - 24. Let s be t(-19). What is the tens digit of v(s)?
1
Suppose -z = 9 - 6. Let y be 102*(12/3 + z). Suppose -100*p - 278 = -y*p. What is the hundreds digit of p?
1
Let i(c) = 61*c - 3. Let a(n) = 61*n - 3. Let k(q) = 2*a(q) - 3*i(q). Let f = -241 + 239. What is the hundreds digit of k(f)?
1
Let d = 965 + -963. Suppose -5018 = -3*u + d*h, -2*u + 5*h = 3*h - 3348. What is the units digit of u?
0
Suppose 0 = 3*n + a - 214, 2*n = -2*n + 4*a + 312. Let y = n - 26. Suppose 3*r = -2*d + 67, -5*d + 89 + y = -3*r. What is the units digit of d?
9
Let t = 90 + -87. Let r(b) = -6*b + 23. Let q be r(t). Suppose -q*f - 401 + 1411 = 0. What is the tens digit of f?
0
Let f(p) = -2*p**3 - 7*p**2 + 4*p + 4. Let s be f(-4). What is the units digit of 1448/s + (4 - 7)?
9
Suppose -5*j + 28 = 2*j. Suppose -j*o - o = 10. What is the hundreds digit of 1341/6 - o/(-12)*-3?
2
Suppose 866*o - 834*o = 1559296. What is the units digit of o?
8
Suppose 6*d + 16 = 14*d. Suppose -d*t = -5*g + 183 + 197, 0 = 4*g + 5*t - 337. What is the tens digit of g?
7
Suppose 57 = -0*s + 3*s + 3*x, -x = 4*s - 82. Suppose -10572 = 9*p - s*p. What is the units digit of p?
1
Let s be 24/3*(-21)/(-14). Suppose 11*r - 5*r - s = 0. What is the units digit of (-117)/(-18) - 3/r?
5
Let g(x) = 234*x**2 - 18*x - 485. What is the tens digit of g(-17)?
4
Suppose 3*h + 195 = 18*h. Suppose t - 9*w = -h*w + 489, -4*t - 5*w = -1989. What is the hundreds digit of t?
5
Suppose 0 = -30*b + 32*b + r - 6172, r + 15437 = 5*b. What is the thousands digit of b?
3
Suppose 4*l + 3341 = -0*d - 5*d, -5*d - 5*l - 3345 = 0. Let n = -355 - d. What is the tens digit of n?
1
Let b(q) = q**3 - 3*q**2 + 5*q - 4. Let r be b(3). Let n(s) = s**2 - 8*s - 13. Let x be n(r). Let g(k) = 2*k - 32. What is the units digit of g(x)?
8
Let k be (-4)/(-14) + (-138)/42. Let g be 124/3 - (-1)/k. Let w = g - -6. What is the units digit of w?
7
Suppose 0 = -80*v + 4141143 - 1144743. What is the thousands digit of v?
7
Suppose -22270 = -2*a - 8716. What is the units digit of a?
7
Let i = -52 + 49. Let x be ((i - 2) + 4)*-154. Suppose 0 = 3*l + x - 535. What is the hundreds digit of l?
1
Let j = 166 + -165. What is the units digit of j/7 + 12*(-1604)/(-112)?
2
Suppose 0 = 19*p + 7 - 64. Suppose -3*m = 5*u - 1696, p*m - 5*u = 333 + 1373. What is the units digit of m?
7
Suppose -1195 - 1517 = -8*q. Let l = q + -211. What is the units digit of l?
8
Suppose -3*v = -9*i + 12*i - 18534, 5*i = v - 6166. Suppose -1204 = -12*a + v. What is the tens digit of a?
1
Suppose -3*q - 1372 + 154 = 0. Let o = 1131 + q. Suppose o = 6*w - 2*w - 3*v, 0 = -w - v + 176. What is the units digit of w?
9
Let f(g) = g + 7. Suppose 8*s - 36 = 12*s. Let b be f(s). What is the units digit of 1/b*(-4 + 8) + 5?
3
Let g = -31985 + 50227. What is the hundreds digit of g?
2
Let o(p) = -7 - 9 + 55*p + 7 + 52*p. Let y be o(5). Suppose -2*l - 4*t + 251 = 31, 5*l = -2*t + y. What is the units digit of l?
4
Suppose -3*b + 19364 = b + 3*p, -5*p - 9682 = -2*b. What is the tens digit of b?
4
Let k(r) = 93 + 11 + 4*r - 4. What is the tens digit of k(14)?
5
Let v be 6/(-27) - 4/(-18). Let s(n) = 91 + 13 + 2*n**2 + 1 - n - 6*n**2. What is the tens digit of s(v)?
0
What is the ten thousands digit of (2/(-12)*-44558 + -2)/(94/282)?
2
Let n be 18/4*(-3)/(-9)*6. Let j be (n + (0 - 2))*-1*-24. Suppose 5*y = 3*r + 280, 3*y + 2*r - j = -2*r. What is the tens digit of y?
5
Let a(c) = 2*c**2 + 3*c - 3. Let j(s) = -5*s - 4. Let g be j(-1). Let v be a(g). Suppose 286 = 4*z - 3*p - v*p, p - 372 = -5*z. What is the units digit of z?
4
Suppose 3*a = -6, 0 = -160*r + 162*r + 3*a - 18428. What is the tens digit of r?
1
Suppose 4*c - 40 = -3*b - 14, -3*c + 5 = -5*b. What is the tens digit of (-1120)/(-4) + 10/b?
8
Let u be 0*2/(-2) + 28/4. Suppose 0 = u*m + 7*m - 6776. What is the tens digit of m?
8
Let l(y) = 13*y**2 + 184*y - 6. What is the hundreds digit of l(-23)?
6
Let b be (-36)/(-8)*8/30*10. Suppose 2*o = -0*o - 2*k + b, 3*o + k = 14. Suppose 5*i - 272 = 2*j, o*j + j + 59 = i. What is the units digit of i?
4
Let y(z) = -3494*z - 5588. What is the units digit of y(-9)?
8
Let f be 4/6 + (-31)/(-3). Let p = 206 + -36. Suppose f*y - p - 160 = 0. What is the tens digit of y?
3
What is the tens digit of (-560935)/(-19) - ((-28)/(-18) - (-1988)/(-1197))?
2
Let l = -10273 - -22674. What is the tens digit of l?
0
Suppose 966 = -5*h + 3*a - 410, -9 = 3*a. Let d = h - -709. Suppose 3*k = k + 3*x + 448, -x + d = 2*k. What is the tens digit of k?
1
Suppose -7378775 - 24075817 + 6517487 = -305*y. What is the ten thousands digit of y?
8
Suppose 3*i - 2 - 10 = 0. Let o(b) = b + 8. Let v be o(17). Suppose i*g = 4*l - 296, -4*g - v - 46 = -l. What is the tens digit of l?
7
Let l(x) = x**3 - 10*x**2 - 2*x - 12. Let k be 6/(-9) - (-105)/9. What is the tens digit of l(k)?
8
Suppose 7*u = -5 + 19. Suppose -v + 3*q + 29 = 0, -5 + u = -q. Suppose -v*l + 170 = -33*l. What is the units digit of l?
4
Let m(l) be the first derivative of -2*l**2 - 7*l - 3/4*l**4 + 10 - 5/3*l**3. What is the units digit of m(-3)?
1
Let d(n) = -n**3 + 8*n**2 + 10*n + 100. Let r be d(10). Suppose r = 3*b - 41*b + 40166. What is the hundreds digit of b?
0
Suppose 0*h = 4*h - 4. Let b be 8/16 + (27/6 - h). Suppose 181 = 5*s - 0*s - 4*w, 4*s = b*w + 144. What is the units digit of s?
7
Suppose 3*v + 2*h - 2667 = 2243, 0 = 2*v - 2*h - 3260. What is the hundreds digit of v?
6
Let b(u) = -585*u + 7499. What is the thousands digit of b(0)?
7
Suppose 0 = 2*s - 3*s + 3*j + 59, 5*s - 4*j = 284. Let u be -32 - (16/s - 18/14). Let y = 94 + u. What is the units digit of y?
3
Let k(s) = 41 - 30*s**3 + 112*s**3 - 24*s**2 - 41*s**3 - 40*s**3. Suppose -3*z - 63 = -2*b - 0*b, -5*z = 2*b - 23. What is the tens digit of k(b)?
4
Let h be 150 - 0*2/(-4). Suppose 8*b - 1026 - h = 0. What is the tens digit of b?
4
Let k(n) = 30*n**3 + 8*n**2 - n - 3. What is the units digit of k(6)?
9
Let c = 7797 + 1026. What is the thousands digit of c?
8
Suppose -41*m - 9*m + 100 = 0. Suppose -1379 = -m*w - 0*i - 5*i, 3437 = 5*w + 2*i. What is the hundreds digit of w?
6
Let q(y) = y**3 - 19*y**2 + 23*y + 16. Suppose -4 = w - 3*j + 7, -17 = 3*w - 5*j. Let v = 17 + w. What is the tens digit of q(v)?
0
Suppose -36 = -b + 3*g, -3*g = 2*b - g - 56. Let p be (4/3 - 4/12)*0. Let f = b - p. What is the tens digit of f?
3
Suppose -147246 = 46*u - 92*u. What is the units digit of u?
1
Suppose 21*w - 17*w = 4. Let k = w + 7. Let x = k - -11. What is the units digit of x?
9
Let d = -17 - -20. Suppose -d*o - 3 = 0, -o + 30 = 4*q + o. Let v = q + -5. What is the units digit of v?
3
Let u be (5/3)/(5/15). Suppose 107*j - 359 = 104*j - 5*k, 5*k = -u*j + 615. What is the units digit of j?
8
Suppose 0 = -10*g + 42 - 12. Suppose -3*p - 18 = -g. What is the units digit of ((-6)/p)/((-73)/25 - -3)?
5
Let o = -842 - -1575. Let q = o + -22. What is the units digit of q?
1
Let p = -11 - -7. Let t(u) = -812*u + 8*u**2 + 0*u**2 - 820*u + 1634*u + u**3. What is the units digit of t(p)?
6
Let b = -14702 + 19800. What is the hundreds digit of b?
0
Suppose n - 4*p = 15839, 3*p - 31334 - 47723 = -5*n. What is the thousands digit of n?
5
Let p = 59 + -55. Suppose p*o = 15*o - 2673. Suppose 3*c - 66 = o. What is the hundreds digit of c?
1
Suppose 19*y - 272*y = 257*y - 22472640. What is the thousands digit of y?
4
Let k(y) = 85*y**2 + 50*y - 654. What is the hundreds digit of k(25)?
7
Suppose -33325 = -5*c - 3*s, 303*s - 19995 = -3*c + 298*s. What is the units digit of c?
5
Suppose 33070 = -17*u + 89323. What is the units digit of u?
9
Let c = 382 - 369. What is the tens digit of (1 - (-4)/(-3))*-3 + c?
1
Suppose 9*n - 3366 = 6*n. What is the hundreds digit of (17*2)/(44/n)?
8
Suppose 16*d - 42 = 10*d. Suppose 6 = 3*o, -2*o = -3*r - d*o + 22. Suppose r*h + 2*t + 204 = 630, -5*t - 570 = -5*h. What is the tens digit of h?
0
Suppose 4*i - 5235 - 64845 = 2*o, 0 = -i - 2*o + 17510. What is the tens digit of i?
1
Suppose 92*z - 19086940 = -70*z - 194*z. What is the tens digit of z?
1
Let j(c) = 21*c**2 